{"id":2,"date":"2019-03-18T11:52:36","date_gmt":"2019-03-18T10:52:36","guid":{"rendered":"http:\/\/egsw.localhost\/?page_id=2"},"modified":"2024-02-12T15:57:14","modified_gmt":"2024-02-12T14:57:14","slug":"ueber-uns","status":"publish","type":"page","link":"https:\/\/www.erdgas-suedwest.de\/natuerlichzukunft\/ueber-uns\/","title":{"rendered":"\u00dcber uns"},"content":{"rendered":"\n<p>Erdgas S\u00fcdwest entstand 2004 aus einem Zusammenschluss der EVS-Gasversorgung S\u00fcd und der Badenwerk Gas. Von Beginn an setzt das Unternehmen seine Schwerpunkte in einer \u00f6kologischen Ausrichtung und dabei vor allem auf gr\u00fcne, dezentrale Energiel\u00f6sungen sowie <em>Gr\u00fcne Gase<\/em>  wie Biogas und Biomethan. So wurde 2008 die erste Biogasaufbereitungs- und Einspeiseanlage in Burgrieden in Betrieb genommen. Durch \u00dcbernahme weiterer Unternehmen wie der bmp greengas GmbH wurde au\u00dferdem das Biogas-Portfolio stark erweitert. Seit 2013 bietet Erdgas S\u00fcdwest auch den Bezug von \u00d6kostrom an, betreibt inzwischen eigene Solarparks und projektiert die gr\u00f6\u00dfte schwimmende PV-Anlage Deutschlands. <\/p>\n\n\n\n<p>Mit dem Blog <em>nat\u00fcrlichZukunft<\/em>  unterstreicht Erdgas S\u00fcdwest dieses Engagement nachdr\u00fccklich. Hier sollen Themen, Projekte und Menschen vorgestellt werden, die eine Zukunft der Energieversorgung mit Hilfe von klimafreundlichen, erneuerbaren Technologien skizzieren. Ob Sonnenstrom vom Mietshausdach, \u00d6kostrom aus heimischen Windparks, CO2-arme Mobilit\u00e4tskonzepte, Biogas oder neuartige Heizungssysteme wie die Brennstoffzellenheizung \u2013 die dezentrale Energiewende bei Erdgas S\u00fcdwest hat viele Facetten. Wir gew\u00e4hren Einblicke ins Unternehmen, pr\u00e4sentieren Fakten und Hintergr\u00fcnde, geben praktische Tipps, erkl\u00e4ren Zusammenh\u00e4nge und kommentieren die politische Gestaltung der Energiewende.<\/p>\n\n\n\n<p>Sie m\u00f6chten mitreden? Dann nutzen Sie gern unser <a href=\"https:\/\/www.erdgas-suedwest.de\/natuerlichzukunft\/fragen-an-unsere-redaktion\/\">Feedbackformular<\/a> unter den jeweiligen Beitr\u00e4gen. Wir freuen uns sowohl \u00fcber Anregungen und Ideen als auch \u00fcber Gastbeitr\u00e4ge unserer Leser.&nbsp;<\/p>\n\n\n\n<p>Viel Vergn\u00fcgen auf unserer Seite, wir sind gespannt auf Ihre Meinungen und Fragen!<\/p>\n\n\n\n<p><em>Das Team von nat\u00fcrlichZukunft<\/em><\/p>\n","protected":false},"excerpt":{"rendered":"<p>Erdgas S\u00fcdwest entstand 2004 aus einem Zusammenschluss der EVS-Gasversorgung S\u00fcd und der Badenwerk Gas. Von Beginn an setzt das Unternehmen seine Schwerpunkte in einer \u00f6kologischen Ausrichtung und dabei vor allem auf gr\u00fcne, dezentrale Energiel\u00f6sungen sowie Gr\u00fcne Gase wie Biogas und Biomethan. So wurde 2008 die erste Biogasaufbereitungs- und Einspeiseanlage in Burgrieden in Betrieb genommen. Durch <a href=\"https:\/\/www.erdgas-suedwest.de\/natuerlichzukunft\/ueber-uns\/\" class=\"more-link\">&#8230;<span class=\"screen-reader-text\">  \u00dcber uns<\/span><\/a><\/p>\n","protected":false},"author":1,"featured_media":0,"parent":0,"menu_order":0,"comment_status":"closed","ping_status":"closed","template":"","meta":{"_acf_changed":false,"rating_form_position":"","rating_results_position":"","mr_structured_data_type":"","footnotes":""},"class_list":["post-2","page","type-page","status-publish","hentry"],"acf":[],"yoast_head":"<!-- This site is optimized with the Yoast SEO plugin v27.3 - https:\/\/yoast.com\/product\/yoast-seo-wordpress\/ -->\n<title>\u00dcber uns - nat\u00fcrlichZukunft<\/title>\n<meta name=\"description\" content=\"Sichere Energieversorgung mit klimafreundlichen Technologien \u2013 dar\u00fcber berichten wir in nat\u00fcrlichZukunft, dem Online-Magazin von Erdgas S\u00fcdwest.\" \/>\n<meta name=\"robots\" content=\"noindex, follow\" \/>\n<meta property=\"og:locale\" content=\"de_DE\" \/>\n<meta property=\"og:type\" content=\"article\" \/>\n<meta property=\"og:title\" content=\"\u00dcber uns - nat\u00fcrlichZukunft\" \/>\n<meta property=\"og:description\" content=\"Sichere Energieversorgung mit klimafreundlichen Technologien \u2013 dar\u00fcber berichten wir in nat\u00fcrlichZukunft, dem Online-Magazin von Erdgas S\u00fcdwest.\" \/>\n<meta property=\"og:url\" content=\"https:\/\/www.erdgas-suedwest.de\/natuerlichzukunft\/ueber-uns\/\" \/>\n<meta property=\"og:site_name\" content=\"nat\u00fcrlichZukunft\" \/>\n<meta property=\"article:modified_time\" content=\"2024-02-12T14:57:14+00:00\" \/>\n<meta name=\"twitter:card\" content=\"summary_large_image\" \/>\n<meta name=\"twitter:label1\" content=\"Gesch\u00e4tzte Lesezeit\" \/>\n\t<meta name=\"twitter:data1\" content=\"2\u00a0Minuten\" \/>\n<script type=\"application\/ld+json\" class=\"yoast-schema-graph\">{\"@context\":\"https:\\\/\\\/schema.org\",\"@graph\":[{\"@type\":\"WebPage\",\"@id\":\"https:\\\/\\\/www.erdgas-suedwest.de\\\/natuerlichzukunft\\\/ueber-uns\\\/\",\"url\":\"https:\\\/\\\/www.erdgas-suedwest.de\\\/natuerlichzukunft\\\/ueber-uns\\\/\",\"name\":\"\u00dcber uns - nat\u00fcrlichZukunft\",\"isPartOf\":{\"@id\":\"https:\\\/\\\/www.erdgas-suedwest.de\\\/natuerlichzukunft\\\/#website\"},\"datePublished\":\"2019-03-18T10:52:36+00:00\",\"dateModified\":\"2024-02-12T14:57:14+00:00\",\"description\":\"Sichere Energieversorgung mit klimafreundlichen Technologien \u2013 dar\u00fcber berichten wir in nat\u00fcrlichZukunft, dem Online-Magazin von Erdgas S\u00fcdwest.\",\"breadcrumb\":{\"@id\":\"https:\\\/\\\/www.erdgas-suedwest.de\\\/natuerlichzukunft\\\/ueber-uns\\\/#breadcrumb\"},\"inLanguage\":\"de\",\"potentialAction\":[{\"@type\":\"ReadAction\",\"target\":[\"https:\\\/\\\/www.erdgas-suedwest.de\\\/natuerlichzukunft\\\/ueber-uns\\\/\"]}]},{\"@type\":\"BreadcrumbList\",\"@id\":\"https:\\\/\\\/www.erdgas-suedwest.de\\\/natuerlichzukunft\\\/ueber-uns\\\/#breadcrumb\",\"itemListElement\":[{\"@type\":\"ListItem\",\"position\":1,\"name\":\"Home\",\"item\":\"https:\\\/\\\/www.erdgas-suedwest.de\\\/natuerlichzukunft\\\/\"},{\"@type\":\"ListItem\",\"position\":2,\"name\":\"\u00dcber uns\"}]},{\"@type\":\"WebSite\",\"@id\":\"https:\\\/\\\/www.erdgas-suedwest.de\\\/natuerlichzukunft\\\/#website\",\"url\":\"https:\\\/\\\/www.erdgas-suedwest.de\\\/natuerlichzukunft\\\/\",\"name\":\"nat\u00fcrlichZukunft\",\"description\":\"so geht \u00f6kologische Energie\",\"publisher\":{\"@id\":\"https:\\\/\\\/www.erdgas-suedwest.de\\\/natuerlichzukunft\\\/#organization\"},\"potentialAction\":[{\"@type\":\"SearchAction\",\"target\":{\"@type\":\"EntryPoint\",\"urlTemplate\":\"https:\\\/\\\/www.erdgas-suedwest.de\\\/natuerlichzukunft\\\/?s={search_term_string}\"},\"query-input\":{\"@type\":\"PropertyValueSpecification\",\"valueRequired\":true,\"valueName\":\"search_term_string\"}}],\"inLanguage\":\"de\"},{\"@type\":\"Organization\",\"@id\":\"https:\\\/\\\/www.erdgas-suedwest.de\\\/natuerlichzukunft\\\/#organization\",\"name\":\"nat\u00fcrlichZukunft\",\"url\":\"https:\\\/\\\/www.erdgas-suedwest.de\\\/natuerlichzukunft\\\/\",\"logo\":{\"@type\":\"ImageObject\",\"inLanguage\":\"de\",\"@id\":\"https:\\\/\\\/www.erdgas-suedwest.de\\\/natuerlichzukunft\\\/#\\\/schema\\\/logo\\\/image\\\/\",\"url\":\"https:\\\/\\\/www.erdgas-suedwest.de\\\/natuerlichzukunft\\\/wp-content\\\/uploads\\\/2024\\\/04\\\/natuerlichZukunft_Schriftzug.png\",\"contentUrl\":\"https:\\\/\\\/www.erdgas-suedwest.de\\\/natuerlichzukunft\\\/wp-content\\\/uploads\\\/2024\\\/04\\\/natuerlichZukunft_Schriftzug.png\",\"width\":520,\"height\":107,\"caption\":\"nat\u00fcrlichZukunft\"},\"image\":{\"@id\":\"https:\\\/\\\/www.erdgas-suedwest.de\\\/natuerlichzukunft\\\/#\\\/schema\\\/logo\\\/image\\\/\"}}]}<\/script>\n<!-- \/ Yoast SEO plugin. -->","yoast_head_json":{"title":"\u00dcber uns - nat\u00fcrlichZukunft","description":"Sichere Energieversorgung mit klimafreundlichen Technologien \u2013 dar\u00fcber berichten wir in nat\u00fcrlichZukunft, dem Online-Magazin von Erdgas S\u00fcdwest.","robots":{"index":"noindex","follow":"follow"},"og_locale":"de_DE","og_type":"article","og_title":"\u00dcber uns - nat\u00fcrlichZukunft","og_description":"Sichere Energieversorgung mit klimafreundlichen Technologien \u2013 dar\u00fcber berichten wir in nat\u00fcrlichZukunft, dem Online-Magazin von Erdgas S\u00fcdwest.","og_url":"https:\/\/www.erdgas-suedwest.de\/natuerlichzukunft\/ueber-uns\/","og_site_name":"nat\u00fcrlichZukunft","article_modified_time":"2024-02-12T14:57:14+00:00","twitter_card":"summary_large_image","twitter_misc":{"Gesch\u00e4tzte Lesezeit":"2\u00a0Minuten"},"schema":{"@context":"https:\/\/schema.org","@graph":[{"@type":"WebPage","@id":"https:\/\/www.erdgas-suedwest.de\/natuerlichzukunft\/ueber-uns\/","url":"https:\/\/www.erdgas-suedwest.de\/natuerlichzukunft\/ueber-uns\/","name":"\u00dcber uns - nat\u00fcrlichZukunft","isPartOf":{"@id":"https:\/\/www.erdgas-suedwest.de\/natuerlichzukunft\/#website"},"datePublished":"2019-03-18T10:52:36+00:00","dateModified":"2024-02-12T14:57:14+00:00","description":"Sichere Energieversorgung mit klimafreundlichen Technologien \u2013 dar\u00fcber berichten wir in nat\u00fcrlichZukunft, dem Online-Magazin von Erdgas S\u00fcdwest.","breadcrumb":{"@id":"https:\/\/www.erdgas-suedwest.de\/natuerlichzukunft\/ueber-uns\/#breadcrumb"},"inLanguage":"de","potentialAction":[{"@type":"ReadAction","target":["https:\/\/www.erdgas-suedwest.de\/natuerlichzukunft\/ueber-uns\/"]}]},{"@type":"BreadcrumbList","@id":"https:\/\/www.erdgas-suedwest.de\/natuerlichzukunft\/ueber-uns\/#breadcrumb","itemListElement":[{"@type":"ListItem","position":1,"name":"Home","item":"https:\/\/www.erdgas-suedwest.de\/natuerlichzukunft\/"},{"@type":"ListItem","position":2,"name":"\u00dcber uns"}]},{"@type":"WebSite","@id":"https:\/\/www.erdgas-suedwest.de\/natuerlichzukunft\/#website","url":"https:\/\/www.erdgas-suedwest.de\/natuerlichzukunft\/","name":"nat\u00fcrlichZukunft","description":"so geht \u00f6kologische Energie","publisher":{"@id":"https:\/\/www.erdgas-suedwest.de\/natuerlichzukunft\/#organization"},"potentialAction":[{"@type":"SearchAction","target":{"@type":"EntryPoint","urlTemplate":"https:\/\/www.erdgas-suedwest.de\/natuerlichzukunft\/?s={search_term_string}"},"query-input":{"@type":"PropertyValueSpecification","valueRequired":true,"valueName":"search_term_string"}}],"inLanguage":"de"},{"@type":"Organization","@id":"https:\/\/www.erdgas-suedwest.de\/natuerlichzukunft\/#organization","name":"nat\u00fcrlichZukunft","url":"https:\/\/www.erdgas-suedwest.de\/natuerlichzukunft\/","logo":{"@type":"ImageObject","inLanguage":"de","@id":"https:\/\/www.erdgas-suedwest.de\/natuerlichzukunft\/#\/schema\/logo\/image\/","url":"https:\/\/www.erdgas-suedwest.de\/natuerlichzukunft\/wp-content\/uploads\/2024\/04\/natuerlichZukunft_Schriftzug.png","contentUrl":"https:\/\/www.erdgas-suedwest.de\/natuerlichzukunft\/wp-content\/uploads\/2024\/04\/natuerlichZukunft_Schriftzug.png","width":520,"height":107,"caption":"nat\u00fcrlichZukunft"},"image":{"@id":"https:\/\/www.erdgas-suedwest.de\/natuerlichzukunft\/#\/schema\/logo\/image\/"}}]}},"multi-rating":{"mr_rating_results":[{"adjusted_star_result":0,"star_result":0,"total_max_option_value":5,"adjusted_score_result":0,"score_result":0,"percentage_result":0,"adjusted_percentage_result":0,"count":0,"post_id":2}]},"_links":{"self":[{"href":"https:\/\/www.erdgas-suedwest.de\/natuerlichzukunft\/wp-json\/wp\/v2\/pages\/2","targetHints":{"allow":["GET"]}}],"collection":[{"href":"https:\/\/www.erdgas-suedwest.de\/natuerlichzukunft\/wp-json\/wp\/v2\/pages"}],"about":[{"href":"https:\/\/www.erdgas-suedwest.de\/natuerlichzukunft\/wp-json\/wp\/v2\/types\/page"}],"author":[{"embeddable":true,"href":"https:\/\/www.erdgas-suedwest.de\/natuerlichzukunft\/wp-json\/wp\/v2\/users\/1"}],"replies":[{"embeddable":true,"href":"https:\/\/www.erdgas-suedwest.de\/natuerlichzukunft\/wp-json\/wp\/v2\/comments?post=2"}],"version-history":[{"count":12,"href":"https:\/\/www.erdgas-suedwest.de\/natuerlichzukunft\/wp-json\/wp\/v2\/pages\/2\/revisions"}],"predecessor-version":[{"id":6815,"href":"https:\/\/www.erdgas-suedwest.de\/natuerlichzukunft\/wp-json\/wp\/v2\/pages\/2\/revisions\/6815"}],"wp:attachment":[{"href":"https:\/\/www.erdgas-suedwest.de\/natuerlichzukunft\/wp-json\/wp\/v2\/media?parent=2"}],"curies":[{"name":"wp","href":"https:\/\/api.w.org\/{rel}","templated":true}]}}